{"id":1194,"date":"2018-05-16T21:44:06","date_gmt":"2018-05-16T21:44:06","guid":{"rendered":"http:\/\/www.michael-peinkofer.de\/?page_id=1194"},"modified":"2020-10-08T13:34:42","modified_gmt":"2020-10-08T13:34:42","slug":"ausland","status":"publish","type":"page","link":"https:\/\/www.michael-peinkofer.de\/?page_id=1194","title":{"rendered":"Ausland"},"content":{"rendered":"<p>&nbsp;<\/p>\n<p><em>Erwachsenenromane und Kinderb\u00fccher von mir erscheinen in 18 Sprachen \u00fcbersetzt in 21 L\u00e4ndern. Mit Dank an meine Leser auf der ganzen Welt hier eine Auswahl:<\/em><\/p>\n<p><em>My novels and children&#8217;s books are being published in 21 countries, translated into 18 languages. With many thanks to my readers all over the world, here comes a selection:<\/em><\/p>\n<p>&nbsp;<\/p>\n<p>STERNENRITTER<\/p>\n<p><img loading=\"lazy\" decoding=\"async\" class=\"wp-image-1535 alignleft\" src=\"https:\/\/www.michael-peinkofer.de\/wp-content\/uploads\/2019\/09\/Cab_1.jpg\" alt=\"\" width=\"150\" height=\"216\" \/><img loading=\"lazy\" decoding=\"async\" class=\"alignleft wp-image-1536\" src=\"https:\/\/www.michael-peinkofer.de\/wp-content\/uploads\/2019\/09\/Cab_2.jpg\" alt=\"\" width=\"150\" height=\"216\" srcset=\"https:\/\/www.michael-peinkofer.de\/wp-content\/uploads\/2019\/09\/Cab_2.jpg 346w, https:\/\/www.michael-peinkofer.de\/wp-content\/uploads\/2019\/09\/Cab_2-208x300.jpg 208w\" sizes=\"auto, (max-width: 150px) 100vw, 150px\" \/><img loading=\"lazy\" decoding=\"async\" class=\"alignleft wp-image-1537\" src=\"https:\/\/www.michael-peinkofer.de\/wp-content\/uploads\/2019\/09\/Cab_3.jpg\" alt=\"\" width=\"150\" height=\"216\" srcset=\"https:\/\/www.michael-peinkofer.de\/wp-content\/uploads\/2019\/09\/Cab_3.jpg 346w, https:\/\/www.michael-peinkofer.de\/wp-content\/uploads\/2019\/09\/Cab_3-208x300.jpg 208w\" sizes=\"auto, (max-width: 150px) 100vw, 150px\" \/><img loading=\"lazy\" decoding=\"async\" class=\"alignleft wp-image-1538\" src=\"https:\/\/www.michael-peinkofer.de\/wp-content\/uploads\/2019\/09\/Cab_4.jpg\" alt=\"\" width=\"150\" height=\"216\" srcset=\"https:\/\/www.michael-peinkofer.de\/wp-content\/uploads\/2019\/09\/Cab_4.jpg 346w, https:\/\/www.michael-peinkofer.de\/wp-content\/uploads\/2019\/09\/Cab_4-208x300.jpg 208w\" sizes=\"auto, (max-width: 150px) 100vw, 150px\" \/><br \/>\n<img loading=\"lazy\" decoding=\"async\" class=\"aligncenter wp-image-1804\" src=\"https:\/\/www.michael-peinkofer.de\/wp-content\/uploads\/2020\/10\/IMG_20201008_151508c.jpg\" alt=\"\" width=\"150\" height=\"232\" srcset=\"https:\/\/www.michael-peinkofer.de\/wp-content\/uploads\/2020\/10\/IMG_20201008_151508c.jpg 303w, https:\/\/www.michael-peinkofer.de\/wp-content\/uploads\/2020\/10\/IMG_20201008_151508c-194x300.jpg 194w\" sizes=\"auto, (max-width: 150px) 100vw, 150px\" \/><img loading=\"lazy\" decoding=\"async\" class=\"aligncenter wp-image-1803\" src=\"https:\/\/www.michael-peinkofer.de\/wp-content\/uploads\/2020\/10\/IMG_20201008_151508b.jpg\" alt=\"\" width=\"150\" height=\"221\" srcset=\"https:\/\/www.michael-peinkofer.de\/wp-content\/uploads\/2020\/10\/IMG_20201008_151508b.jpg 316w, https:\/\/www.michael-peinkofer.de\/wp-content\/uploads\/2020\/10\/IMG_20201008_151508b-204x300.jpg 204w\" sizes=\"auto, (max-width: 150px) 100vw, 150px\" \/> <img loading=\"lazy\" decoding=\"async\" class=\"aligncenter wp-image-1802\" src=\"https:\/\/www.michael-peinkofer.de\/wp-content\/uploads\/2020\/10\/IMG_20201008_151508a.jpg\" alt=\"\" width=\"150\" height=\"219\" srcset=\"https:\/\/www.michael-peinkofer.de\/wp-content\/uploads\/2020\/10\/IMG_20201008_151508a.jpg 320w, https:\/\/www.michael-peinkofer.de\/wp-content\/uploads\/2020\/10\/IMG_20201008_151508a-206x300.jpg 206w\" sizes=\"auto, (max-width: 150px) 100vw, 150px\" \/><\/p>\n<p>&nbsp;<\/p>\n<p>PIRATTEN!<\/p>\n<p><img loading=\"lazy\" decoding=\"async\" class=\"aligncenter wp-image-1807\" src=\"https:\/\/www.michael-peinkofer.de\/wp-content\/uploads\/2020\/10\/IMG_20201008_151521c.jpg\" alt=\"\" width=\"150\" height=\"225\" srcset=\"https:\/\/www.michael-peinkofer.de\/wp-content\/uploads\/2020\/10\/IMG_20201008_151521c.jpg 308w, https:\/\/www.michael-peinkofer.de\/wp-content\/uploads\/2020\/10\/IMG_20201008_151521c-200x300.jpg 200w\" sizes=\"auto, (max-width: 150px) 100vw, 150px\" \/><img loading=\"lazy\" decoding=\"async\" class=\"aligncenter wp-image-1806\" src=\"https:\/\/www.michael-peinkofer.de\/wp-content\/uploads\/2020\/10\/IMG_20201008_151521b.jpg\" alt=\"\" width=\"150\" height=\"237\" srcset=\"https:\/\/www.michael-peinkofer.de\/wp-content\/uploads\/2020\/10\/IMG_20201008_151521b.jpg 294w, https:\/\/www.michael-peinkofer.de\/wp-content\/uploads\/2020\/10\/IMG_20201008_151521b-190x300.jpg 190w\" sizes=\"auto, (max-width: 150px) 100vw, 150px\" \/><img loading=\"lazy\" decoding=\"async\" class=\"aligncenter wp-image-1805\" src=\"https:\/\/www.michael-peinkofer.de\/wp-content\/uploads\/2020\/10\/IMG_20201008_151521a.jpg\" alt=\"\" width=\"150\" height=\"228\" srcset=\"https:\/\/www.michael-peinkofer.de\/wp-content\/uploads\/2020\/10\/IMG_20201008_151521a.jpg 299w, https:\/\/www.michael-peinkofer.de\/wp-content\/uploads\/2020\/10\/IMG_20201008_151521a-198x300.jpg 198w\" sizes=\"auto, (max-width: 150px) 100vw, 150px\" \/><\/p>\n<p>&nbsp;<\/p>\n<p>GRYPHONY<\/p>\n<p><img loading=\"lazy\" decoding=\"async\" class=\"aligncenter wp-image-1810\" src=\"https:\/\/www.michael-peinkofer.de\/wp-content\/uploads\/2020\/10\/IMG_20201008_151537c.jpg\" alt=\"\" width=\"150\" height=\"248\" srcset=\"https:\/\/www.michael-peinkofer.de\/wp-content\/uploads\/2020\/10\/IMG_20201008_151537c.jpg 236w, https:\/\/www.michael-peinkofer.de\/wp-content\/uploads\/2020\/10\/IMG_20201008_151537c-182x300.jpg 182w\" sizes=\"auto, (max-width: 150px) 100vw, 150px\" \/><img loading=\"lazy\" decoding=\"async\" class=\"aligncenter wp-image-1809\" src=\"https:\/\/www.michael-peinkofer.de\/wp-content\/uploads\/2020\/10\/IMG_20201008_151537b.jpg\" alt=\"\" width=\"150\" height=\"238\" srcset=\"https:\/\/www.michael-peinkofer.de\/wp-content\/uploads\/2020\/10\/IMG_20201008_151537b.jpg 253w, https:\/\/www.michael-peinkofer.de\/wp-content\/uploads\/2020\/10\/IMG_20201008_151537b-189x300.jpg 189w\" sizes=\"auto, (max-width: 150px) 100vw, 150px\" \/><img loading=\"lazy\" decoding=\"async\" class=\"aligncenter wp-image-1808\" src=\"https:\/\/www.michael-peinkofer.de\/wp-content\/uploads\/2020\/10\/IMG_20201008_151537a.jpg\" alt=\"\" width=\"150\" height=\"236\" srcset=\"https:\/\/www.michael-peinkofer.de\/wp-content\/uploads\/2020\/10\/IMG_20201008_151537a.jpg 248w, https:\/\/www.michael-peinkofer.de\/wp-content\/uploads\/2020\/10\/IMG_20201008_151537a-190x300.jpg 190w\" sizes=\"auto, (max-width: 150px) 100vw, 150px\" \/><img loading=\"lazy\" decoding=\"async\" class=\"aligncenter wp-image-1811\" src=\"https:\/\/www.michael-peinkofer.de\/wp-content\/uploads\/2020\/10\/IMG_20201008_151537d.jpg\" alt=\"\" width=\"150\" height=\"217\" srcset=\"https:\/\/www.michael-peinkofer.de\/wp-content\/uploads\/2020\/10\/IMG_20201008_151537d.jpg 261w, https:\/\/www.michael-peinkofer.de\/wp-content\/uploads\/2020\/10\/IMG_20201008_151537d-207x300.jpg 207w\" sizes=\"auto, (max-width: 150px) 100vw, 150px\" \/><\/p>\n<p>&nbsp;<\/p>\n<p>DER WIND UND DIE WAHRHEIT<\/p>\n<p><img loading=\"lazy\" decoding=\"async\" class=\"wp-image-1213 alignleft\" src=\"https:\/\/www.michael-peinkofer.de\/wp-content\/uploads\/2018\/06\/VitrAPravda.jpg\" alt=\"\" width=\"150\" height=\"238\" srcset=\"https:\/\/www.michael-peinkofer.de\/wp-content\/uploads\/2018\/06\/VitrAPravda.jpg 347w, https:\/\/www.michael-peinkofer.de\/wp-content\/uploads\/2018\/06\/VitrAPravda-189x300.jpg 189w\" sizes=\"auto, (max-width: 150px) 100vw, 150px\" \/><\/p>\n<p>&nbsp;<\/p>\n<p>DAS VERSCHOLLENE REICH<\/p>\n<p><img loading=\"lazy\" decoding=\"async\" class=\"alignleft wp-image-1533\" src=\"https:\/\/www.michael-peinkofer.de\/wp-content\/uploads\/2019\/09\/Reino.jpg\" alt=\"\" width=\"150\" height=\"229\" \/><\/p>\n<p>&nbsp;<\/p>\n<p>DAS BUCH VON ASCALON<\/p>\n<p><img loading=\"lazy\" decoding=\"async\" class=\"alignleft wp-image-1285\" src=\"https:\/\/www.michael-peinkofer.de\/wp-content\/uploads\/2018\/06\/Ascalon.jpg\" alt=\"\" width=\"150\" height=\"225\" srcset=\"https:\/\/www.michael-peinkofer.de\/wp-content\/uploads\/2018\/06\/Ascalon.jpg 332w, https:\/\/www.michael-peinkofer.de\/wp-content\/uploads\/2018\/06\/Ascalon-200x300.jpg 200w\" sizes=\"auto, (max-width: 150px) 100vw, 150px\" \/><img loading=\"lazy\" decoding=\"async\" class=\"alignleft wp-image-1284\" src=\"https:\/\/www.michael-peinkofer.de\/wp-content\/uploads\/2018\/06\/8206b8157c8d7758249666ba28a505b359fbf636-1.jpg\" alt=\"\" width=\"150\" height=\"238\" srcset=\"https:\/\/www.michael-peinkofer.de\/wp-content\/uploads\/2018\/06\/8206b8157c8d7758249666ba28a505b359fbf636-1.jpg 346w, https:\/\/www.michael-peinkofer.de\/wp-content\/uploads\/2018\/06\/8206b8157c8d7758249666ba28a505b359fbf636-1-189x300.jpg 189w\" sizes=\"auto, (max-width: 150px) 100vw, 150px\" \/><\/p>\n<p>&nbsp;<\/p>\n<p>DAS VERM\u00c4CHTNIS DER RUNEN<\/p>\n<p><img loading=\"lazy\" decoding=\"async\" class=\"wp-image-1218 alignleft\" src=\"https:\/\/www.michael-peinkofer.de\/wp-content\/uploads\/2018\/06\/odkaz-run-em0036873.jpg\" alt=\"\" width=\"150\" height=\"240\" srcset=\"https:\/\/www.michael-peinkofer.de\/wp-content\/uploads\/2018\/06\/odkaz-run-em0036873.jpg 344w, https:\/\/www.michael-peinkofer.de\/wp-content\/uploads\/2018\/06\/odkaz-run-em0036873-188x300.jpg 188w\" sizes=\"auto, (max-width: 150px) 100vw, 150px\" \/>\u00a0 <img loading=\"lazy\" decoding=\"async\" class=\"wp-image-1224 alignleft\" src=\"https:\/\/www.michael-peinkofer.de\/wp-content\/uploads\/2018\/06\/Legado.jpg\" alt=\"\" width=\"150\" height=\"230\" srcset=\"https:\/\/www.michael-peinkofer.de\/wp-content\/uploads\/2018\/06\/Legado.jpg 325w, https:\/\/www.michael-peinkofer.de\/wp-content\/uploads\/2018\/06\/Legado-195x300.jpg 195w\" sizes=\"auto, (max-width: 150px) 100vw, 150px\" \/><\/p>\n<p>&nbsp;<\/p>\n<p>DIE BRUDERSCHAFT DER RUNEN<\/p>\n<p><img loading=\"lazy\" decoding=\"async\" class=\"wp-image-1220 alignleft\" src=\"https:\/\/www.michael-peinkofer.de\/wp-content\/uploads\/2018\/06\/bratrstvo-run-em0036872-1.jpg\" alt=\"\" width=\"150\" height=\"239\" srcset=\"https:\/\/www.michael-peinkofer.de\/wp-content\/uploads\/2018\/06\/bratrstvo-run-em0036872-1.jpg 345w, https:\/\/www.michael-peinkofer.de\/wp-content\/uploads\/2018\/06\/bratrstvo-run-em0036872-1-188x300.jpg 188w\" sizes=\"auto, (max-width: 150px) 100vw, 150px\" \/>\u00a0 <img loading=\"lazy\" decoding=\"async\" class=\"wp-image-1225 alignleft\" src=\"https:\/\/www.michael-peinkofer.de\/wp-content\/uploads\/2018\/06\/TreceRunas.jpg\" alt=\"\" width=\"150\" height=\"227\" \/><img loading=\"lazy\" decoding=\"async\" class=\"alignleft wp-image-1278\" src=\"https:\/\/www.michael-peinkofer.de\/wp-content\/uploads\/2018\/06\/Bruderschaft_NL.jpg\" alt=\"\" width=\"150\" height=\"228\" srcset=\"https:\/\/www.michael-peinkofer.de\/wp-content\/uploads\/2018\/06\/Bruderschaft_NL.jpg 364w, https:\/\/www.michael-peinkofer.de\/wp-content\/uploads\/2018\/06\/Bruderschaft_NL-197x300.jpg 197w\" sizes=\"auto, (max-width: 150px) 100vw, 150px\" \/><img loading=\"lazy\" decoding=\"async\" class=\"alignleft wp-image-1547\" src=\"https:\/\/www.michael-peinkofer.de\/wp-content\/uploads\/2019\/09\/Confraternita.jpg\" alt=\"\" width=\"150\" height=\"227\" srcset=\"https:\/\/www.michael-peinkofer.de\/wp-content\/uploads\/2019\/09\/Confraternita.jpg 330w, https:\/\/www.michael-peinkofer.de\/wp-content\/uploads\/2019\/09\/Confraternita-198x300.jpg 198w\" sizes=\"auto, (max-width: 150px) 100vw, 150px\" \/><\/p>\n<p>&nbsp;<\/p>\n<p>DER SCHATTEN VON THOT<\/p>\n<p><img loading=\"lazy\" decoding=\"async\" class=\"alignleft wp-image-1548\" src=\"https:\/\/www.michael-peinkofer.de\/wp-content\/uploads\/2019\/09\/Kinc_Spain1.jpg\" alt=\"\" width=\"150\" height=\"227\" \/>\u00a0 <img loading=\"lazy\" decoding=\"async\" class=\"alignleft wp-image-1549\" src=\"https:\/\/www.michael-peinkofer.de\/wp-content\/uploads\/2019\/09\/OmbredeThot.jpg\" alt=\"\" width=\"150\" height=\"236\" srcset=\"https:\/\/www.michael-peinkofer.de\/wp-content\/uploads\/2019\/09\/OmbredeThot.jpg 317w, https:\/\/www.michael-peinkofer.de\/wp-content\/uploads\/2019\/09\/OmbredeThot-191x300.jpg 191w\" sizes=\"auto, (max-width: 150px) 100vw, 150px\" \/><\/p>\n<p>DIE ZAUBERER<\/p>\n<p><img loading=\"lazy\" decoding=\"async\" class=\"alignleft wp-image-1255\" src=\"https:\/\/www.michael-peinkofer.de\/wp-content\/uploads\/2018\/06\/1001004007524902.jpg\" alt=\"\" width=\"150\" height=\"225\" \/><img loading=\"lazy\" decoding=\"async\" class=\"alignleft wp-image-1279\" src=\"https:\/\/www.michael-peinkofer.de\/wp-content\/uploads\/2018\/06\/51y9mRxyfdL._AC_US218_.jpg\" alt=\"\" width=\"150\" height=\"232\" \/><\/p>\n<p>&nbsp;<\/p>\n<p>DIE R\u00dcCKKEHR DER ORKS<\/p>\n<p><img loading=\"lazy\" decoding=\"async\" class=\"alignleft wp-image-1276\" src=\"https:\/\/www.michael-peinkofer.de\/wp-content\/uploads\/2018\/06\/Orks_NL.jpg\" alt=\"\" width=\"150\" height=\"248\" srcset=\"https:\/\/www.michael-peinkofer.de\/wp-content\/uploads\/2018\/06\/Orks_NL.jpg 192w, https:\/\/www.michael-peinkofer.de\/wp-content\/uploads\/2018\/06\/Orks_NL-182x300.jpg 182w\" sizes=\"auto, (max-width: 150px) 100vw, 150px\" \/><img loading=\"lazy\" decoding=\"async\" class=\"wp-image-1273 alignleft\" src=\"https:\/\/www.michael-peinkofer.de\/wp-content\/uploads\/2018\/06\/10827299.jpg\" alt=\"\" width=\"150\" height=\"225\" \/><img loading=\"lazy\" decoding=\"async\" class=\"alignleft wp-image-1274\" src=\"https:\/\/www.michael-peinkofer.de\/wp-content\/uploads\/2018\/06\/31443184._UY200_.jpg\" alt=\"\" width=\"150\" height=\"211\" \/><img loading=\"lazy\" decoding=\"async\" class=\"wp-image-1272 alignleft\" src=\"https:\/\/www.michael-peinkofer.de\/wp-content\/uploads\/2018\/06\/6929538.jpg\" alt=\"\" width=\"150\" height=\"220\" srcset=\"https:\/\/www.michael-peinkofer.de\/wp-content\/uploads\/2018\/06\/6929538.jpg 280w, https:\/\/www.michael-peinkofer.de\/wp-content\/uploads\/2018\/06\/6929538-205x300.jpg 205w\" sizes=\"auto, (max-width: 150px) 100vw, 150px\" \/><\/p>\n<p>&nbsp;<\/p>\n<p>DER SCHWUR DER ORKS<\/p>\n<p><img loading=\"lazy\" decoding=\"async\" class=\"alignleft wp-image-1280\" src=\"https:\/\/www.michael-peinkofer.de\/wp-content\/uploads\/2018\/06\/7344989.jpg\" alt=\"\" width=\"150\" height=\"234\" srcset=\"https:\/\/www.michael-peinkofer.de\/wp-content\/uploads\/2018\/06\/7344989.jpg 305w, https:\/\/www.michael-peinkofer.de\/wp-content\/uploads\/2018\/06\/7344989-193x300.jpg 193w\" sizes=\"auto, (max-width: 150px) 100vw, 150px\" \/> <img loading=\"lazy\" decoding=\"async\" class=\"alignleft wp-image-1281\" src=\"https:\/\/www.michael-peinkofer.de\/wp-content\/uploads\/2018\/06\/10912915.jpg\" alt=\"\" width=\"150\" height=\"230\" srcset=\"https:\/\/www.michael-peinkofer.de\/wp-content\/uploads\/2018\/06\/10912915.jpg 248w, https:\/\/www.michael-peinkofer.de\/wp-content\/uploads\/2018\/06\/10912915-196x300.jpg 196w\" sizes=\"auto, (max-width: 150px) 100vw, 150px\" \/> <img loading=\"lazy\" decoding=\"async\" class=\"alignleft wp-image-1282\" src=\"https:\/\/www.michael-peinkofer.de\/wp-content\/uploads\/2018\/06\/Schwur.jpg\" alt=\"\" width=\"150\" height=\"211\" srcset=\"https:\/\/www.michael-peinkofer.de\/wp-content\/uploads\/2018\/06\/Schwur.jpg 249w, https:\/\/www.michael-peinkofer.de\/wp-content\/uploads\/2018\/06\/Schwur-213x300.jpg 213w\" sizes=\"auto, (max-width: 150px) 100vw, 150px\" \/><\/p>\n","protected":false},"excerpt":{"rendered":"<p>&nbsp; Erwachsenenromane und Kinderb\u00fccher von mir erscheinen in 18 Sprachen \u00fcbersetzt in 21 L\u00e4ndern. Mit Dank an meine Leser auf der ganzen Welt hier eine Auswahl: My novels and children&#8217;s books are being published in 21 countries, translated into 18 languages. With many thanks to my readers all over the world, here comes a selection: [&hellip;]<\/p>\n","protected":false},"author":2,"featured_media":0,"parent":0,"menu_order":0,"comment_status":"closed","ping_status":"closed","template":"","meta":{"footnotes":""},"class_list":["post-1194","page","type-page","status-publish","hentry"],"_links":{"self":[{"href":"https:\/\/www.michael-peinkofer.de\/index.php?rest_route=\/wp\/v2\/pages\/1194","targetHints":{"allow":["GET"]}}],"collection":[{"href":"https:\/\/www.michael-peinkofer.de\/index.php?rest_route=\/wp\/v2\/pages"}],"about":[{"href":"https:\/\/www.michael-peinkofer.de\/index.php?rest_route=\/wp\/v2\/types\/page"}],"author":[{"embeddable":true,"href":"https:\/\/www.michael-peinkofer.de\/index.php?rest_route=\/wp\/v2\/users\/2"}],"replies":[{"embeddable":true,"href":"https:\/\/www.michael-peinkofer.de\/index.php?rest_route=%2Fwp%2Fv2%2Fcomments&post=1194"}],"version-history":[{"count":30,"href":"https:\/\/www.michael-peinkofer.de\/index.php?rest_route=\/wp\/v2\/pages\/1194\/revisions"}],"predecessor-version":[{"id":1820,"href":"https:\/\/www.michael-peinkofer.de\/index.php?rest_route=\/wp\/v2\/pages\/1194\/revisions\/1820"}],"wp:attachment":[{"href":"https:\/\/www.michael-peinkofer.de\/index.php?rest_route=%2Fwp%2Fv2%2Fmedia&parent=1194"}],"curies":[{"name":"wp","href":"https:\/\/api.w.org\/{rel}","templated":true}]}}